{"id":313,"date":"2020-01-23T18:21:52","date_gmt":"2020-01-23T18:21:52","guid":{"rendered":"https:\/\/demosites.io\/web-agency-gb\/?page_id=61"},"modified":"2023-06-17T17:00:11","modified_gmt":"2023-06-17T17:00:11","slug":"15c42-web-agency-gb-about-us","status":"publish","type":"page","link":"https:\/\/levignobledumonastir.eu\/index.php\/15c42-web-agency-gb-about-us\/","title":{"rendered":"A propos de nous"},"content":{"rendered":"\n<div class=\"wp-block-cover alignfull\" style=\"min-height:300px\"><span aria-hidden=\"true\" class=\"wp-block-cover__background has-nv-site-bg-background-color has-background-dim-100 has-background-dim\"><\/span><div class=\"wp-block-cover__inner-container\">\n<h1 class=\"has-text-align-left has-neve-text-color-color has-text-color\">A propos de nous<\/h1>\n<\/div><\/div>\n\n\n\n<div class=\"wp-block-cover alignfull\" style=\"min-height:600px\"><span aria-hidden=\"true\" class=\"wp-block-cover__background has-nv-light-bg-background-color has-background-dim-100 has-background-dim\"><\/span><div class=\"wp-block-cover__inner-container\">\n<div class=\"is-layout-flow wp-block-group\"><div class=\"wp-block-group__inner-container\">\n<div style=\"height:80px\" aria-hidden=\"true\" class=\"wp-block-spacer\"><\/div>\n\n\n\n<div class=\"is-layout-flex wp-container-3 wp-block-columns are-vertically-aligned-center has-neve-text-color-color has-text-color\">\n<div class=\"is-layout-flow wp-block-column is-vertically-aligned-center\" style=\"flex-basis:50%\">\n<figure class=\"wp-block-image size-large\"><img decoding=\"async\" width=\"768\" height=\"1024\" src=\"https:\/\/mlkfrphfutlo.i.optimole.com\/w:auto\/h:auto\/q:mauto\/f:avif\/https:\/\/i0.wp.com\/levignobledumonastir.eu\/wp-content\/uploads\/2022\/11\/9177972387535409381.jpg?resize=768%2C1024&#038;ssl=1\" alt=\"\" class=\"wp-image-489\" data-recalc-dims=\"1\"\/><\/figure>\n<\/div>\n\n\n\n<div class=\"is-layout-flow wp-block-column is-vertically-aligned-center\" style=\"flex-basis:50%\">\n<h2 class=\"has-neve-text-color-color has-text-color\">Historique du domaine<\/h2>\n\n\n\n<h3>Bienvenu \u00e0 Trouillas<\/h3>\n\n\n\n<p>La famille Roig, vignerons depuis 1852 \u00e0 Trouillas dans les Pyr\u00e9n\u00e9es orientales, a connu un nouvel essor en 2016 avec Marie H\u00e9l\u00e8ne la derni\u00e8re descendante et Patrick CERVATIUS son compagnon (dipl\u00f4m\u00e9 d\u2019un BBREA viticulture \u0153nologie \u00e0 Beaune en Bourgogne). Ensemble ils ont cr\u00e9\u00e9s en 2017 LE VIGNOBLE DU MONASTIR qui se situe \u00e0 Trouillas dans le Roussillon, plus pr\u00e9cis\u00e9ment dans les Aspres (terre aride) premier contrefort du Canigou.<\/p>\n<\/div>\n<\/div>\n\n\n\n<div style=\"height:40px\" aria-hidden=\"true\" class=\"wp-block-spacer\"><\/div>\n<\/div><\/div>\n\n\n\n<div class=\"is-layout-flow wp-block-group\"><div class=\"wp-block-group__inner-container\">\n<div style=\"height:80px\" aria-hidden=\"true\" class=\"wp-block-spacer\"><\/div>\n\n\n\n<div class=\"is-layout-flex wp-container-7 wp-block-columns are-vertically-aligned-center has-neve-text-color-color has-text-color\">\n<div class=\"is-layout-flow wp-block-column is-vertically-aligned-center\" style=\"flex-basis:50%\">\n<figure class=\"wp-block-image size-large\"><img decoding=\"async\" width=\"768\" height=\"1024\" src=\"https:\/\/mlkfrphfutlo.i.optimole.com\/w:auto\/h:auto\/q:mauto\/f:avif\/https:\/\/i0.wp.com\/levignobledumonastir.eu\/wp-content\/uploads\/2022\/11\/Villes-vignes-intemporelles.jpg?resize=768%2C1024&#038;ssl=1\" alt=\"\" class=\"wp-image-407\" data-recalc-dims=\"1\"\/><\/figure>\n<\/div>\n\n\n\n<div class=\"is-layout-flow wp-block-column is-vertically-aligned-center\" style=\"flex-basis:50%\">\n<h2 class=\"has-neve-text-color-color has-text-color\">Le terroir<\/h2>\n\n\n\n<p>\u00ab Vinum bonum laetificat cor hominis \u00bb le bon vin r\u00e9jouit le c\u0153ur des hommes.<\/p>\n\n\n\n<p>\u00ab Le terroir est le r\u00e9sultat complexe entre le sol, la plante, le climat et l\u2019homme qui le met en valeur \u00bb.<\/p>\n\n\n\n<p>Le sol est argilo, sablonneux caillouteux et constitu\u00e9 de galets roul\u00e9s granitiques, de quartz, de gr\u00e8s, et des fragments de schistes d\u00e9pos\u00e9s depuis des millions d\u2019ann\u00e9es.<\/p>\n\n\n\n<p>Cette mosa\u00efque g\u00e9ologique constitue la richesse particuli\u00e8re des Aspres, parfaitement adapt\u00e9e \u00e0 la vigne pour des rendements faibles, compens\u00e9s par de hauts niveaux de qualit\u00e9. Le climat est de type m\u00e9diterran\u00e9en, le terroir b\u00e9n\u00e9ficie \u00e0 la fois de forts vents secs et froids, la tramontane, ainsi que des brises marines qui viennent l\u2019adoucir, c\u2019est une alchimie exceptionnelle pour confectionner un vin d\u2019exception.<\/p>\n<\/div>\n<\/div>\n\n\n\n<div style=\"height:40px\" aria-hidden=\"true\" class=\"wp-block-spacer\"><\/div>\n<\/div><\/div>\n<\/div><\/div>\n\n\n\n<div class=\"wp-block-cover alignfull\" style=\"min-height:600px\"><span aria-hidden=\"true\" class=\"wp-block-cover__background has-nv-dark-bg-background-color has-background-dim-100 has-background-dim\"><\/span><div class=\"wp-block-cover__inner-container\">\n<div class=\"is-layout-flow wp-block-group\"><div class=\"wp-block-group__inner-container\">\n<div style=\"height:80px\" aria-hidden=\"true\" class=\"wp-block-spacer\"><\/div>\n\n\n\n<div class=\"is-layout-flex wp-container-11 wp-block-columns are-vertically-aligned-center\">\n<div class=\"is-layout-flow wp-block-column is-vertically-aligned-center\" style=\"flex-basis:50%\">\n<h2 class=\"has-nv-text-dark-bg-color has-text-color\">Le respect de la nature <\/h2>\n\n\n\n<p><strong>PRATIQUES CULTURALES &nbsp;<\/strong><\/p>\n\n\n\n<p>\u00ab Fortunatos nimium sua si bona norint \u00bb trop heureux les hommes des champs s\u2019ils connaissent leur bonheur.<\/p>\n\n\n\n<ul>\n<li>Enherbement naturel permanent, pas de labour, Ray Grass, p\u00e2turin, folle avoine, orge des rats etc\u2026 sont broy\u00e9s au stade fermeture de la grappe.<\/li>\n\n\n\n<li>Epamprage, pour supprimer les gourmands afin de donner une meilleure concentration de la s\u00e8ve et l\u2019accroissement de l\u2019a\u00e9ration des grappes existantes.<\/li>\n\n\n\n<li>Pas de rognage mais un tressage afin de de conserver l\u2019apex et son r\u00f4le d\u00e9terminant d\u2019organisateur du rameau qu\u2019il dirige en synth\u00e9tisant des phytaolexines (antibiotiques) contre les agressions des champignons et des bact\u00e9ries et bien d\u2019autres avantages encore.<\/li>\n\n\n\n<li>Les traitements sont r\u00e9alis\u00e9s uniquement avec des produits conventionn\u00e9s par le cahier des charges de l\u2019agriculture biologique et biodynamique.<\/li>\n<\/ul>\n\n\n\n<div style=\"height:20px\" aria-hidden=\"true\" class=\"wp-block-spacer\"><\/div>\n\n\n\n<div style=\"height:20px\" aria-hidden=\"true\" class=\"wp-block-spacer\"><\/div>\n<\/div>\n\n\n\n<div class=\"is-layout-flow wp-block-column is-vertically-aligned-center\" style=\"flex-basis:50%\">\n<figure class=\"wp-block-image size-full\"><img decoding=\"async\" width=\"406\" height=\"336\" src=\"https:\/\/mlkfrphfutlo.i.optimole.com\/w:auto\/h:auto\/q:mauto\/f:avif\/https:\/\/i0.wp.com\/levignobledumonastir.eu\/wp-content\/uploads\/2023\/05\/Le-respect-de-la-nature.jpg?resize=406%2C336&#038;ssl=1\" alt=\"\" class=\"wp-image-623\" data-recalc-dims=\"1\"\/><\/figure>\n<\/div>\n<\/div>\n\n\n\n<div class=\"is-layout-flex wp-container-14 wp-block-columns are-vertically-aligned-center\">\n<div class=\"is-layout-flow wp-block-column is-vertically-aligned-center\" style=\"flex-basis:50%\">\n<h2 class=\"has-nv-text-dark-bg-color has-text-color\"> Une  fabrication artisanale<\/h2>\n\n\n\n<p><strong>VENDANGE ET VINIFICATION &nbsp;<\/strong><\/p>\n\n\n\n<p>\u00ab In vino veritas \u00bb la v\u00e9rit\u00e9 est dans le vin Vendange manuelle en caisse de 15 kg avec tri sur la parcelle uniquement le matin. Eraflage total.<\/p>\n\n\n\n<p>Mac\u00e9ration de 4 semaines, fermentation alcoolique avec levures indig\u00e8nes sans enzymage ni acidification. 1 remontage\/jour<\/p>\n\n\n\n<p>2 d\u00e9lestages\/4 semaines Mise en bouteilles sans collage ni filtration.<\/p>\n\n\n\n<div style=\"height:20px\" aria-hidden=\"true\" class=\"wp-block-spacer\"><\/div>\n\n\n\n<div style=\"height:20px\" aria-hidden=\"true\" class=\"wp-block-spacer\"><\/div>\n<\/div>\n\n\n\n<div class=\"is-layout-flow wp-block-column is-vertically-aligned-center\" style=\"flex-basis:50%\">\n<figure class=\"wp-block-image size-large\"><img data-opt-src=\"https:\/\/mlkfrphfutlo.i.optimole.com\/w:auto\/h:auto\/q:mauto\/f:avif\/https:\/\/i0.wp.com\/levignobledumonastir.eu\/wp-content\/uploads\/2022\/11\/Caisse-15-kg1.jpg\"  decoding=\"async\" width=\"1024\" height=\"768\" src=\"https:\/\/mlkfrphfutlo.i.optimole.com\/w:auto\/h:auto\/q:eco\/f:avif\/https:\/\/i0.wp.com\/levignobledumonastir.eu\/wp-content\/uploads\/2022\/11\/Caisse-15-kg1.jpg?resize=1024%2C768&#038;ssl=1\" alt=\"\" class=\"wp-image-438\" old-srcset=\"https:\/\/mlkfrphfutlo.i.optimole.com\/w:auto\/h:auto\/q:mauto\/f:avif\/https:\/\/i0.wp.com\/levignobledumonastir.eu\/wp-content\/uploads\/2022\/11\/Caisse-15-kg1-scaled.jpg?resize=1024%2C768&amp;ssl=1 1024w, https:\/\/mlkfrphfutlo.i.optimole.com\/w:auto\/h:auto\/q:mauto\/f:avif\/https:\/\/i0.wp.com\/levignobledumonastir.eu\/wp-content\/uploads\/2022\/11\/Caisse-15-kg1-scaled.jpg?w=2400&amp;ssl=1 2400w\" sizes=\"(max-width: 1024px) 100vw, 1024px\" data-recalc-dims=\"1\" \/><noscript><img decoding=\"async\" width=\"1024\" height=\"768\" src=\"https:\/\/mlkfrphfutlo.i.optimole.com\/w:auto\/h:auto\/q:mauto\/f:avif\/https:\/\/i0.wp.com\/levignobledumonastir.eu\/wp-content\/uploads\/2022\/11\/Caisse-15-kg1.jpg?resize=1024%2C768&#038;ssl=1\" alt=\"\" class=\"wp-image-438\" srcset=\"https:\/\/mlkfrphfutlo.i.optimole.com\/w:auto\/h:auto\/q:mauto\/f:avif\/https:\/\/i0.wp.com\/levignobledumonastir.eu\/wp-content\/uploads\/2022\/11\/Caisse-15-kg1-scaled.jpg?resize=1024%2C768&amp;ssl=1 1024w, https:\/\/mlkfrphfutlo.i.optimole.com\/w:auto\/h:auto\/q:mauto\/f:avif\/https:\/\/i0.wp.com\/levignobledumonastir.eu\/wp-content\/uploads\/2022\/11\/Caisse-15-kg1-scaled.jpg?w=2400&amp;ssl=1 2400w\" sizes=\"(max-width: 1024px) 100vw, 1024px\" data-recalc-dims=\"1\" \/></noscript><\/figure>\n<\/div>\n<\/div>\n\n\n\n<div style=\"height:40px\" aria-hidden=\"true\" class=\"wp-block-spacer\"><\/div>\n<\/div><\/div>\n<\/div><\/div>\n\n\n\n<div class=\"wp-block-cover alignfull\" style=\"min-height:420px\"><span aria-hidden=\"true\" class=\"wp-block-cover__background has-nv-site-bg-background-color has-background-dim-100 has-background-dim\"><\/span><div class=\"wp-block-cover__inner-container\">\n<div style=\"height:80px\" aria-hidden=\"true\" class=\"wp-block-spacer\"><\/div>\n\n\n\n<div class=\"is-layout-flex wp-container-19 wp-block-columns\">\n<div class=\"is-layout-flow wp-block-column ticss-4ce656f1\">\n<figure class=\"wp-block-image size-large icon-style is-style-rounded\"><img data-opt-src=\"https:\/\/mlkfrphfutlo.i.optimole.com\/w:auto\/h:auto\/q:mauto\/f:avif\/https:\/\/i0.wp.com\/levignobledumonastir.eu\/wp-content\/uploads\/2020\/01\/neve-webdesign-GB-03.png\"  decoding=\"async\" src=\"https:\/\/mlkfrphfutlo.i.optimole.com\/w:auto\/h:auto\/q:eco\/f:avif\/https:\/\/i0.wp.com\/levignobledumonastir.eu\/wp-content\/uploads\/2020\/01\/neve-webdesign-GB-03.png?w=1200&#038;ssl=1\" alt=\"\" class=\"wp-image-20\" data-recalc-dims=\"1\"\/><noscript><img decoding=\"async\" src=\"https:\/\/mlkfrphfutlo.i.optimole.com\/w:auto\/h:auto\/q:mauto\/f:avif\/https:\/\/i0.wp.com\/levignobledumonastir.eu\/wp-content\/uploads\/2020\/01\/neve-webdesign-GB-03.png?w=1200&#038;ssl=1\" alt=\"\" class=\"wp-image-20\" data-recalc-dims=\"1\"\/></noscript><\/figure>\n\n\n\n<h3 class=\"has-text-align-left has-text-align-center has-neve-text-color-color has-text-color\">Super Efficient<\/h3>\n\n\n\n<p class=\"has-text-align-left has-neve-text-color-color has-text-color\" style=\"font-size:15px\"><\/p>\n\n\n\n<div style=\"height:20px\" aria-hidden=\"true\" class=\"wp-block-spacer\"><\/div>\n<\/div>\n\n\n\n<div class=\"is-layout-flow wp-block-column ticss-f6fc7494\">\n<figure class=\"wp-block-image size-large icon-style is-style-rounded\"><img data-opt-src=\"https:\/\/mlkfrphfutlo.i.optimole.com\/w:auto\/h:auto\/q:mauto\/f:avif\/https:\/\/i0.wp.com\/levignobledumonastir.eu\/wp-content\/uploads\/2020\/01\/neve-webdesign-GB-03.png\"  decoding=\"async\" src=\"https:\/\/mlkfrphfutlo.i.optimole.com\/w:auto\/h:auto\/q:eco\/f:avif\/https:\/\/i0.wp.com\/levignobledumonastir.eu\/wp-content\/uploads\/2020\/01\/neve-webdesign-GB-03.png?w=1200&#038;ssl=1\" alt=\"\" class=\"wp-image-20\" data-recalc-dims=\"1\"\/><noscript><img decoding=\"async\" src=\"https:\/\/mlkfrphfutlo.i.optimole.com\/w:auto\/h:auto\/q:mauto\/f:avif\/https:\/\/i0.wp.com\/levignobledumonastir.eu\/wp-content\/uploads\/2020\/01\/neve-webdesign-GB-03.png?w=1200&#038;ssl=1\" alt=\"\" class=\"wp-image-20\" data-recalc-dims=\"1\"\/></noscript><\/figure>\n\n\n\n<h3 class=\"has-text-align-left has-text-align-center has-neve-text-color-color has-text-color\">Une \u00e9quipe \u00e9co-responsable<\/h3>\n\n\n\n<p class=\"has-text-align-left has-neve-text-color-color has-text-color\" style=\"font-size:15px\"><\/p>\n\n\n\n<div style=\"height:20px\" aria-hidden=\"true\" class=\"wp-block-spacer\"><\/div>\n<\/div>\n\n\n\n<div class=\"is-layout-flow wp-block-column ticss-a5b4df29\">\n<figure class=\"wp-block-image size-large icon-style is-style-rounded\"><img data-opt-src=\"https:\/\/mlkfrphfutlo.i.optimole.com\/w:auto\/h:auto\/q:mauto\/f:avif\/https:\/\/i0.wp.com\/levignobledumonastir.eu\/wp-content\/uploads\/2020\/01\/neve-webdesign-GB-03.png\"  decoding=\"async\" src=\"https:\/\/mlkfrphfutlo.i.optimole.com\/w:auto\/h:auto\/q:eco\/f:avif\/https:\/\/i0.wp.com\/levignobledumonastir.eu\/wp-content\/uploads\/2020\/01\/neve-webdesign-GB-03.png?w=1200&#038;ssl=1\" alt=\"\" class=\"wp-image-20\" data-recalc-dims=\"1\"\/><noscript><img decoding=\"async\" src=\"https:\/\/mlkfrphfutlo.i.optimole.com\/w:auto\/h:auto\/q:mauto\/f:avif\/https:\/\/i0.wp.com\/levignobledumonastir.eu\/wp-content\/uploads\/2020\/01\/neve-webdesign-GB-03.png?w=1200&#038;ssl=1\" alt=\"\" class=\"wp-image-20\" data-recalc-dims=\"1\"\/></noscript><\/figure>\n\n\n\n<h3 class=\"has-text-align-left has-text-align-center has-neve-text-color-color has-text-color\">Des artisans du vin<\/h3>\n\n\n\n<p class=\"has-text-align-left has-neve-text-color-color has-text-color\" style=\"font-size:15px\"><\/p>\n\n\n\n<div style=\"height:20px\" aria-hidden=\"true\" class=\"wp-block-spacer\"><\/div>\n<\/div>\n<\/div>\n\n\n\n<div style=\"height:30px\" aria-hidden=\"true\" class=\"wp-block-spacer\"><\/div>\n<\/div><\/div>\n\n\n\n<div class=\"wp-block-cover alignfull\" style=\"min-height:600px\"><span aria-hidden=\"true\" class=\"wp-block-cover__background has-nv-light-bg-background-color has-background-dim-100 has-background-dim\"><\/span><div class=\"wp-block-cover__inner-container\">\n<div class=\"is-layout-flow wp-block-group\"><div class=\"wp-block-group__inner-container\">\n<div style=\"height:80px\" aria-hidden=\"true\" class=\"wp-block-spacer\"><\/div>\n\n\n\n<div class=\"is-layout-flex wp-container-23 wp-block-columns\">\n<div class=\"is-layout-flow wp-block-column\"><div class=\"wp-block-image is-style-default\">\n<figure class=\"aligncenter size-large\"><img data-opt-src=\"https:\/\/mlkfrphfutlo.i.optimole.com\/w:auto\/h:auto\/q:mauto\/f:avif\/https:\/\/i0.wp.com\/levignobledumonastir.eu\/wp-content\/uploads\/2022\/11\/Marie.jpg\"  decoding=\"async\" width=\"576\" height=\"1024\" src=\"https:\/\/mlkfrphfutlo.i.optimole.com\/w:auto\/h:auto\/q:eco\/f:avif\/https:\/\/i0.wp.com\/levignobledumonastir.eu\/wp-content\/uploads\/2022\/11\/Marie.jpg?resize=576%2C1024&#038;ssl=1\" alt=\"\" class=\"wp-image-429\" data-recalc-dims=\"1\"\/><noscript><img decoding=\"async\" width=\"576\" height=\"1024\" src=\"https:\/\/mlkfrphfutlo.i.optimole.com\/w:auto\/h:auto\/q:mauto\/f:avif\/https:\/\/i0.wp.com\/levignobledumonastir.eu\/wp-content\/uploads\/2022\/11\/Marie.jpg?resize=576%2C1024&#038;ssl=1\" alt=\"\" class=\"wp-image-429\" data-recalc-dims=\"1\"\/></noscript><\/figure><\/div>\n\n\n<h3 class=\"has-text-align-center has-neve-text-color-color has-text-color\">Marie H\u00e9l\u00e8ne<\/h3>\n\n\n\n<p class=\"has-text-align-center has-neve-text-color-color has-text-color\">vigneronne<\/p>\n\n\n\n<div style=\"height:40px\" aria-hidden=\"true\" class=\"wp-block-spacer\"><\/div>\n<\/div>\n\n\n\n<div class=\"is-layout-flow wp-block-column ticss-81098cc8\"><div class=\"wp-block-image is-style-default\">\n<figure class=\"aligncenter size-large\"><img data-opt-src=\"https:\/\/mlkfrphfutlo.i.optimole.com\/w:auto\/h:auto\/q:mauto\/f:avif\/https:\/\/i0.wp.com\/levignobledumonastir.eu\/wp-content\/uploads\/2022\/11\/Remontage2.jpg\"  decoding=\"async\" width=\"768\" height=\"1024\" src=\"https:\/\/mlkfrphfutlo.i.optimole.com\/w:auto\/h:auto\/q:eco\/f:avif\/https:\/\/i0.wp.com\/levignobledumonastir.eu\/wp-content\/uploads\/2022\/11\/Remontage2.jpg?resize=768%2C1024&#038;ssl=1\" alt=\"\" class=\"wp-image-437\" data-recalc-dims=\"1\"\/><noscript><img decoding=\"async\" width=\"768\" height=\"1024\" src=\"https:\/\/mlkfrphfutlo.i.optimole.com\/w:auto\/h:auto\/q:mauto\/f:avif\/https:\/\/i0.wp.com\/levignobledumonastir.eu\/wp-content\/uploads\/2022\/11\/Remontage2.jpg?resize=768%2C1024&#038;ssl=1\" alt=\"\" class=\"wp-image-437\" data-recalc-dims=\"1\"\/></noscript><\/figure><\/div>\n\n\n<h3 class=\"has-text-align-center has-neve-text-color-color has-text-color\">Patrick et Yannick<\/h3>\n\n\n\n<p class=\"has-text-align-center has-neve-text-color-color has-text-color\">Vigneron<\/p>\n\n\n\n<div style=\"height:40px\" aria-hidden=\"true\" class=\"wp-block-spacer\"><\/div>\n<\/div>\n\n\n\n<div class=\"is-layout-flow wp-block-column\"><div class=\"wp-block-image is-style-default\">\n<figure class=\"aligncenter size-full\"><img data-opt-src=\"https:\/\/mlkfrphfutlo.i.optimole.com\/w:auto\/h:auto\/q:mauto\/f:avif\/https:\/\/i0.wp.com\/levignobledumonastir.eu\/wp-content\/uploads\/2023\/05\/Michel-paysan-tractoriste.jpg\"  decoding=\"async\" width=\"480\" height=\"800\" src=\"https:\/\/mlkfrphfutlo.i.optimole.com\/w:auto\/h:auto\/q:eco\/f:avif\/https:\/\/i0.wp.com\/levignobledumonastir.eu\/wp-content\/uploads\/2023\/05\/Michel-paysan-tractoriste.jpg?resize=480%2C800&#038;ssl=1\" alt=\"\" class=\"wp-image-619\" data-recalc-dims=\"1\"\/><noscript><img decoding=\"async\" width=\"480\" height=\"800\" src=\"https:\/\/mlkfrphfutlo.i.optimole.com\/w:auto\/h:auto\/q:mauto\/f:avif\/https:\/\/i0.wp.com\/levignobledumonastir.eu\/wp-content\/uploads\/2023\/05\/Michel-paysan-tractoriste.jpg?resize=480%2C800&#038;ssl=1\" alt=\"\" class=\"wp-image-619\" data-recalc-dims=\"1\"\/></noscript><\/figure><\/div>\n\n\n<h3 class=\"has-text-align-center has-neve-text-color-color has-text-color\">Michel<\/h3>\n\n\n\n<p class=\"has-text-align-center has-neve-text-color-color has-text-color\">Paysan tractoriste <\/p>\n\n\n\n<div style=\"height:40px\" aria-hidden=\"true\" class=\"wp-block-spacer\"><\/div>\n<\/div>\n<\/div>\n\n\n\n<div style=\"height:40px\" aria-hidden=\"true\" class=\"wp-block-spacer\"><\/div>\n<\/div><\/div>\n\n\n\n<div class=\"is-layout-flow wp-block-group\"><div class=\"wp-block-group__inner-container\">\n<div style=\"height:80px\" aria-hidden=\"true\" class=\"wp-block-spacer\"><\/div>\n\n\n\n<div class=\"is-layout-flex wp-container-28 wp-block-columns\">\n<div class=\"is-layout-flow wp-block-column\"><div class=\"wp-block-image is-style-default\">\n<figure class=\"aligncenter size-large\"><img data-opt-src=\"https:\/\/mlkfrphfutlo.i.optimole.com\/w:auto\/h:auto\/q:mauto\/f:avif\/https:\/\/i0.wp.com\/levignobledumonastir.eu\/wp-content\/uploads\/2022\/11\/Patricia.jpg\"  decoding=\"async\" width=\"768\" height=\"1024\" src=\"https:\/\/mlkfrphfutlo.i.optimole.com\/w:auto\/h:auto\/q:eco\/f:avif\/https:\/\/i0.wp.com\/levignobledumonastir.eu\/wp-content\/uploads\/2022\/11\/Patricia.jpg?resize=768%2C1024&#038;ssl=1\" alt=\"\" class=\"wp-image-468\" data-recalc-dims=\"1\"\/><noscript><img decoding=\"async\" width=\"768\" height=\"1024\" src=\"https:\/\/mlkfrphfutlo.i.optimole.com\/w:auto\/h:auto\/q:mauto\/f:avif\/https:\/\/i0.wp.com\/levignobledumonastir.eu\/wp-content\/uploads\/2022\/11\/Patricia.jpg?resize=768%2C1024&#038;ssl=1\" alt=\"\" class=\"wp-image-468\" data-recalc-dims=\"1\"\/></noscript><\/figure><\/div>\n\n\n<h3 class=\"has-text-align-center has-neve-text-color-color has-text-color\">Patricia<\/h3>\n\n\n\n<p class=\"has-text-align-center has-neve-text-color-color has-text-color\">Paysanne RH sant\u00e9<\/p>\n\n\n\n<div style=\"height:40px\" aria-hidden=\"true\" class=\"wp-block-spacer\"><\/div>\n<\/div>\n\n\n\n<div class=\"is-layout-flow wp-block-column\"><div class=\"wp-block-image is-style-default\">\n<figure class=\"aligncenter size-large\"><img data-opt-src=\"https:\/\/mlkfrphfutlo.i.optimole.com\/w:auto\/h:auto\/q:mauto\/f:avif\/https:\/\/i0.wp.com\/levignobledumonastir.eu\/wp-content\/uploads\/2022\/11\/Yannick.jpg\"  decoding=\"async\" width=\"1024\" height=\"768\" src=\"https:\/\/mlkfrphfutlo.i.optimole.com\/w:auto\/h:auto\/q:eco\/f:avif\/https:\/\/i0.wp.com\/levignobledumonastir.eu\/wp-content\/uploads\/2022\/11\/Yannick.jpg?resize=1024%2C768&#038;ssl=1\" alt=\"\" class=\"wp-image-469\" old-srcset=\"https:\/\/mlkfrphfutlo.i.optimole.com\/w:auto\/h:auto\/q:mauto\/f:avif\/https:\/\/i0.wp.com\/levignobledumonastir.eu\/wp-content\/uploads\/2022\/11\/Yannick-scaled.jpg?resize=1024%2C768&amp;ssl=1 1024w, https:\/\/mlkfrphfutlo.i.optimole.com\/w:auto\/h:auto\/q:mauto\/f:avif\/https:\/\/i0.wp.com\/levignobledumonastir.eu\/wp-content\/uploads\/2022\/11\/Yannick-scaled.jpg?w=2400&amp;ssl=1 2400w\" sizes=\"(max-width: 1024px) 100vw, 1024px\" data-recalc-dims=\"1\" \/><noscript><img decoding=\"async\" width=\"1024\" height=\"768\" src=\"https:\/\/mlkfrphfutlo.i.optimole.com\/w:auto\/h:auto\/q:mauto\/f:avif\/https:\/\/i0.wp.com\/levignobledumonastir.eu\/wp-content\/uploads\/2022\/11\/Yannick.jpg?resize=1024%2C768&#038;ssl=1\" alt=\"\" class=\"wp-image-469\" srcset=\"https:\/\/mlkfrphfutlo.i.optimole.com\/w:auto\/h:auto\/q:mauto\/f:avif\/https:\/\/i0.wp.com\/levignobledumonastir.eu\/wp-content\/uploads\/2022\/11\/Yannick-scaled.jpg?resize=1024%2C768&amp;ssl=1 1024w, https:\/\/mlkfrphfutlo.i.optimole.com\/w:auto\/h:auto\/q:mauto\/f:avif\/https:\/\/i0.wp.com\/levignobledumonastir.eu\/wp-content\/uploads\/2022\/11\/Yannick-scaled.jpg?w=2400&amp;ssl=1 2400w\" sizes=\"(max-width: 1024px) 100vw, 1024px\" data-recalc-dims=\"1\" \/></noscript><\/figure><\/div>\n\n\n<h3 class=\"has-text-align-center has-neve-text-color-color has-text-color\">Yannick<\/h3>\n\n\n\n<p class=\"has-text-align-center has-neve-text-color-color has-text-color\">Paysan ing\u00e9nieur SNCF<\/p>\n\n\n\n<div style=\"height:40px\" aria-hidden=\"true\" class=\"wp-block-spacer\"><\/div>\n<\/div>\n\n\n\n<div class=\"is-layout-flow wp-block-column\"><div class=\"wp-block-image is-style-default\">\n<figure class=\"aligncenter size-full\"><img data-opt-src=\"https:\/\/mlkfrphfutlo.i.optimole.com\/w:auto\/h:auto\/q:mauto\/f:avif\/https:\/\/i0.wp.com\/levignobledumonastir.eu\/wp-content\/uploads\/2023\/05\/Farid-paysan-garde-fluviale.jpg\"  decoding=\"async\" width=\"306\" height=\"408\" src=\"https:\/\/mlkfrphfutlo.i.optimole.com\/w:auto\/h:auto\/q:eco\/f:avif\/https:\/\/i0.wp.com\/levignobledumonastir.eu\/wp-content\/uploads\/2023\/05\/Farid-paysan-garde-fluviale.jpg?resize=306%2C408&#038;ssl=1\" alt=\"\" class=\"wp-image-621\" data-recalc-dims=\"1\"\/><noscript><img decoding=\"async\" width=\"306\" height=\"408\" src=\"https:\/\/mlkfrphfutlo.i.optimole.com\/w:auto\/h:auto\/q:mauto\/f:avif\/https:\/\/i0.wp.com\/levignobledumonastir.eu\/wp-content\/uploads\/2023\/05\/Farid-paysan-garde-fluviale.jpg?resize=306%2C408&#038;ssl=1\" alt=\"\" class=\"wp-image-621\" data-recalc-dims=\"1\"\/></noscript><\/figure><\/div>\n\n\n<h3 class=\"has-text-align-center has-neve-text-color-color has-text-color\">Farid<\/h3>\n\n\n\n<p class=\"has-text-align-center has-neve-text-color-color has-text-color\">Paysan garde fluviale<\/p>\n\n\n\n<div style=\"height:40px\" aria-hidden=\"true\" class=\"wp-block-spacer\"><\/div>\n<\/div>\n<\/div>\n\n\n\n<div style=\"height:40px\" aria-hidden=\"true\" class=\"wp-block-spacer\"><\/div>\n<\/div><\/div>\n<\/div><\/div>\n","protected":false},"excerpt":{"rendered":"","protected":false},"author":1,"featured_media":0,"parent":0,"menu_order":0,"comment_status":"closed","ping_status":"closed","template":"","meta":{"neve_meta_sidebar":"default","neve_meta_container":"default","neve_meta_enable_content_width":"on","neve_meta_content_width":100,"neve_meta_title_alignment":"","neve_meta_author_avatar":"","neve_post_elements_order":"","neve_meta_disable_header":"","neve_meta_disable_footer":"","neve_meta_disable_title":"on","_themeisle_gutenberg_block_has_review":false,"_ti_tpc_template_sync":false,"_ti_tpc_template_id":"0qhau2t6eoekosrgo1a2"},"aioseo_notices":[],"_links":{"self":[{"href":"https:\/\/levignobledumonastir.eu\/index.php\/wp-json\/wp\/v2\/pages\/313"}],"collection":[{"href":"https:\/\/levignobledumonastir.eu\/index.php\/wp-json\/wp\/v2\/pages"}],"about":[{"href":"https:\/\/levignobledumonastir.eu\/index.php\/wp-json\/wp\/v2\/types\/page"}],"author":[{"embeddable":true,"href":"https:\/\/levignobledumonastir.eu\/index.php\/wp-json\/wp\/v2\/users\/1"}],"replies":[{"embeddable":true,"href":"https:\/\/levignobledumonastir.eu\/index.php\/wp-json\/wp\/v2\/comments?post=313"}],"version-history":[{"count":22,"href":"https:\/\/levignobledumonastir.eu\/index.php\/wp-json\/wp\/v2\/pages\/313\/revisions"}],"predecessor-version":[{"id":624,"href":"https:\/\/levignobledumonastir.eu\/index.php\/wp-json\/wp\/v2\/pages\/313\/revisions\/624"}],"wp:attachment":[{"href":"https:\/\/levignobledumonastir.eu\/index.php\/wp-json\/wp\/v2\/media?parent=313"}],"curies":[{"name":"wp","href":"https:\/\/api.w.org\/{rel}","templated":true}]}}